070 a multiple of 84?
False
Does 20 divide 52762255?
False
Is 23262328 a multiple of 1186?
False
Is 169449560 a multiple of 28?
True
Is 1005 a factor of 122786880?
True
Does 20 divide 52096496?
False
Is 1007636 even?
True
Is 109630441 a multiple of 12?
False
Is 2176382 a multiple of 47?
True
Is 5 a factor of 344255533?
False
Does 122 divide 2348934442?
True
Does 332 divide 1084528761?
False
Is 3180520786 a multiple of 5578?
False
Is 1590 a factor of 28158900?
True
Is 65 a factor of 16561521?
False
Is 420451668 a multiple of 716?
True
Is 2912477 a multiple of 370?
False
Is 2288157700 a multiple of 925?
True
Does 37 divide 295008400?
True
Is 1561 a factor of 1111311548?
False
Does 25 divide 110263167?
False
Is 756340013 a multiple of 20?
False
Is 44661773 a multiple of 3186?
False
Does 23 divide 1153335?
True
Is 2093820561 a multiple of 35?
False
Is 895361834 a multiple of 58?
True
Is 211 a factor of 763380755?
False
Is 5611660971 a multiple of 359?
False
Is 61 a factor of 15035646?
True
Is 36 a factor of 1648091520?
True
Does 83 divide 748569281?
True
Does 1061 divide 28190770?
True
Does 230 divide 14003550?
True
Does 647 divide 157442274?
True
Is 273 a factor of 1822383654?
True
Does 634 divide 102857267?
False
Is 126451245 a multiple of 891?
False
Is 770359959 a multiple of 171?
True
Is 12 a factor of 77725776?
True
Does 6 divide 7872843?
False
Is 27 a factor of 70945389?
True
Does 1144 divide 226242531?
False
Does 83 divide 4484079?
False
Is 928872939 a multiple of 22?
False
Is 242878597 a multiple of 231?
False
Is 23 a factor of 814748830?
False
Does 4 divide 58925123?
False
Is 9519779 even?
False
Is 2928 a factor of 185846591?
False
Is 166 a factor of 5331503839?
False
Is 1442901772 a multiple of 1003?
False
Does 11 divide 144894218?
False
Does 1136 divide 8835362?
False
Is 9 a factor of 683836857?
True
Does 364 divide 135107157?
False
Is 23749467 a multiple of 2?
False
Is 21166181 a multiple of 8?
False
Does 211 divide 1539842130?
True
Does 26 divide 85729740?
False
Is 13 a factor of 67478242?
True
Is 305 a factor of 63469190?
False
Is 9 a factor of 615431183?
False
Is 196463334 a multiple of 6?
True
Does 3 divide 1078253013?
True
Is 48693577 a multiple of 6?
False
Does 83 divide 10683384?
False
Is 7 a factor of 48977002?
False
Does 56 divide 1199158567?
False
Is 42 a factor of 76785124?
False
Is 7626033 a multiple of 906?
False
Is 149813104 a multiple of 41?
False
Does 31 divide 279619783?
True
Is 15908 a factor of 4946624416?
True
Is 42576183 a multiple of 117?
True
Is 312 a factor of 382521672?
True
Does 574 divide 1110197836?
False
Does 25 divide 4465730499?
False
Is 70 a factor of 537652559?
False
Is 231 a factor of 142013949?
True
Is 576 a factor of 4454107?
False
Is 17 a factor of 2225128?
False
Does 175 divide 5588406?
False
Is 256664888 a multiple of 1412?
True
Does 4 divide 496539345?
False
Is 4561 a factor of 3551005890?
False
Does 326 divide 255573045?
False
Is 30 a factor of 357991140?
True
Is 11357280 a multiple of 68?
False
Is 6 a factor of 57611850?
True
Does 177 divide 247657515?
True
Does 2822 divide 42646755?
False
Is 264 a factor of 153489038?
False
Does 30 divide 568581923?
False
Is 29342135 a multiple of 12?
False
Is 1087060888 a multiple of 3033?
False
Is 5035 a factor of 305037950?
False
Is 69 a factor of 55560111?
True
Does 15 divide 3257972175?
True
Is 1214 a factor of 2359696718?
True
Is 28 a factor of 1481519284?
True
Is 1093 a factor of 50870406?
True
Is 126798353 a multiple of 29?
True
Is 91488045 a multiple of 33?
True
Does 319 divide 194099059?
True
Is 17223339 a multiple of 59?
True
Is 1130256734 a multiple of 11?
False
Is 140699531 a multiple of 3386?
False
Is 91759700 a multiple of 2855?
True
Does 57 divide 2182355067?
True
Does 3557 divide 1448321475?
True
Is 54 a factor of 811947240?
True
Is 1043 a factor of 4833262?
True
Is 899083537 a multiple of 101?
False
Is 2109451 a multiple of 6?
False
Does 6 divide 2531205?
False
Is 47 a factor of 106926786?
True
Does 79 divide 48961858?
False
Does 28 divide 198327699?
False
Is 13721592 a multiple of 186?
True
Is 2316692971 a multiple of 19?
True
Is 27481798 a multiple of 1171?
False
Is 30440856 a multiple of 24?
True
Does 17 divide 29873811?
True
Is 477021352 a multiple of 49?
False
Is 19233720 a multiple of 12?
True
Is 18 a factor of 17980398?
True
Is 1504981212 a multiple of 28?
True
Does 39 divide 1231880386?
False
Is 1176 a factor of 56037576?
True
Is 303 a factor of 382769901?
True
Is 244909132 a multiple of 36?
False
Is 314 a factor of 54060438?
True
Is 43 a factor of 796950695?
False
Is 31768840 a multiple of 20?
True
Is 2647 a factor of 104235893?
False
Does 315 divide 3899922550?
False
Does 9757 divide 599045778?
False
Does 24 divide 43530264?
True
Is 474494480 a multiple of 1345?
True
Is 526 a factor of 441748166?
False
Is 935 a factor of 7387435?
True
Does 38 divide 100800434?
True
Is 8 a factor of 1607353088?
True
Is 603266825 a multiple of 10?
False
Is 2123238 a multiple of 39?
True
Is 587543555 a multiple of 779?
False
Is 362157098 a multiple of 159?
False
Does 24 divide 16203439?
False
Does 10289 divide 3170433503?
False
Is 59 a factor of 13594308?
True
Does 12 divide 18959808?
True
Does 4 divide 269346929?
False
Is 13584271 a multiple of 242?
False
Is 17105928 a multiple of 8?
True
Is 445 a factor of 85927275?
True
Is 186819780 a multiple of 3895?
True
Is 167 a factor of 1896452?
True
Is 1416439723 a multiple of 3463?
True
Is 198259908 a multiple of 836?
True
Is 3223 a factor of 65510698?
True
Does 445 divide 343877755?
True
Does 3 divide 9005198?
False
Is 1520969115 a multiple of 86?
False
Is 160066385 a multiple of 897?
False
Is 48 a factor of 61767013?
False
Is 348365592 a multiple of 72?
True
Does 273 divide 94914454?
False
Does 30 divide 604158365?
False
Is 919746375 a multiple of 6025?
True
Does 10 divide 3122947290?
True
Is 291374085 a multiple of 2505?
True
Is 80 a factor of 22659930?
False
Does 1016 divide 63170646?
False
Does 15 divide 73137630?
True
Does 9 divide 15737412?
False
Is 234976675 even?
False
Is 375 a factor of 425761283?
False
Is 7 a factor of 7366504?
False
Is 41301825 a multiple of 4?
False
Is 52 a factor of 33377812?
True
Does 2 divide 473429?
False
Is 38 a factor of 362962890?
True
Is 438623485 a multiple of 4?
False
Does 17 divide 755272359?
False
Does 5 divide 32789185?
True
Does 418 divide 7496785?
False
Is 1930045472 a multiple of 16?
True
Is 28692772 a multiple of 48?
False
Is 2569 a factor of 136824940?
True
Does 4898 divide 759248776?
True
Is 36 a factor of 386262864?
True
Is 1272 a factor of 88286976?
True
Is 318817570 a multiple of 13?
False
Does 43 divide 7934618?
True
Is 99100665 a multiple of 405?
True
Is 420447795 a multiple of 5?
True
Does 509 divide 537020?
False
Does 155 divide 877346500?
True
Is 14 a factor of 37070781?
False
Is 24 a factor of 638210184?
True
Is 361 a factor of 22665385?
True
Is 10 a factor of 211681919?
False
Is 94833848 a multiple of 1592?
True
Is 259545377 a multiple of 247?
True
Is 411386136 a multiple of 42?
True
Is 57 a factor of 15696926?
False
Is 7775414 a multiple of 13?
False
Does 26 divide 663270765?
False
Is 29 a factor of 3771167279?
True
Is 839798260 a multiple of 4274?
True
Is 508541553 a multiple of 6513?
True
Is 603 a factor of 1777741083?
True
Is 14 a factor of 290568614?
True
Is 2405655 a multiple of 64?
False
Is 316624392 a multiple of 56?
True
Does 16 divide 7199929?
False
Does 398 divide 76570121?
False
Is 1696 a factor of 197504114?
False
Is 2174700877 a multiple of 731?
True
Does 120 divide 53452679?
False
Does 1493 divide 2926678631?
True
Is 1985684112 a multiple of 18?
True
Is 7 a factor of 1349345494?
True
Does 44 divide 299620424?
False
Is 1724911076 a multiple of 371?
True
Does 44 divide 1287338994?
False
Does 110 divide 132697620?
True
Does 581 divide 107545498?
False
Does 8 divide 1302203?
False
Does 32 divide 290819008?
True
Is 2031 a factor of 425416116?
False
Is 306 a factor of 124922857?
False
Is 52 a factor of 1658557004?
True
Is 1838 a factor of 67234040?
True
Does 20 divide 1094919963?
False
Does 11 divide 22621016?
True
Does 25 divide 60544177?
False
Is 121393582 a multiple of 398?
True
Is 386 a factor of 279033918?
False
Is 6483741336 a mul